{"id":3,"date":"2025-11-17T08:15:22","date_gmt":"2025-11-17T08:15:22","guid":{"rendered":"http:\/\/niehuesonline.de\/?page_id=3"},"modified":"2026-04-07T18:04:22","modified_gmt":"2026-04-07T18:04:22","slug":"privacy-policy","status":"publish","type":"page","link":"http:\/\/niehuesonline.de\/index.php\/privacy-policy\/","title":{"rendered":"Impressum"},"content":{"rendered":"\n<h2 class=\"wp-block-heading\"><strong>Anbieter<\/strong><\/h2>\n\n\n\n<p>Anbieter der Website niehues-online.de.de ist Karsten Niehues<\/p>\n\n\n\n<p>Rechtsanwaltskanzlei Niehues<\/p>\n\n\n\n<p>Karsten Niehues<\/p>\n\n\n\n<div class=\"wp-block-group is-vertical is-layout-flex wp-container-core-group-is-layout-8cf370e7 wp-block-group-is-layout-flex\">\n<p>Marktstr. 26<\/p>\n\n\n\n<p>D-44532 L\u00fcnen<\/p>\n<\/div>\n\n\n\n<p><strong>Kontakt<\/strong><\/p>\n\n\n\n<div class=\"wp-block-group is-vertical is-layout-flex wp-container-core-group-is-layout-8cf370e7 wp-block-group-is-layout-flex\">\n<p>Telefon: 02306\/927288<\/p>\n\n\n\n<p>Telefax: 02306\/961175<\/p>\n\n\n\n<p>E-Mail: raniehues@t-online.de<\/p>\n<\/div>\n\n\n\n<p><strong>Umsatzsteuer-ID<\/strong><\/p>\n\n\n\n<p>Umsatzsteuer-Identifikationsnummer gem\u00e4\u00df \u00a7 27 a Umsatzsteuergesetz: DE250929188<\/p>\n\n\n\n<p><strong>Aufsichtsbeh\u00f6rde<\/strong><\/p>\n\n\n\n<p>Rechtsanwaltskammer Hamm<\/p>\n\n\n\n<div class=\"wp-block-group is-vertical is-layout-flex wp-container-core-group-is-layout-8cf370e7 wp-block-group-is-layout-flex\">\n<p>Ostenallee 18<\/p>\n\n\n\n<p>59063 Hamm<\/p>\n<\/div>\n\n\n\n<p><a href=\"https:\/\/www.rechtsanwaltskammer-hamm.de\">https:\/\/www.rechtsanwaltskammer-hamm.de<\/a><\/p>\n\n\n\n<p><strong>Berufsbezeichnung und berufsrechtliche Regelungen<\/strong><\/p>\n\n\n\n<p>Berufsbezeichnung:<\/p>\n\n\n\n<p><strong>Rechtsanwalt<\/strong><\/p>\n\n\n\n<p>Zust\u00e4ndige Kammer:<\/p>\n\n\n\n<p><strong>Rechtsanwaltskammer Hamm<\/strong><\/p>\n\n\n\n<div class=\"wp-block-group is-vertical is-layout-flex wp-container-core-group-is-layout-8cf370e7 wp-block-group-is-layout-flex\">\n<p>Ostenallee 18<\/p>\n\n\n\n<p>59063 Hamm<\/p>\n<\/div>\n\n\n\n<p>Verliehen in:<\/p>\n\n\n\n<p>Bundesrepublik Deutschland<\/p>\n\n\n\n<p>Es gelten folgende <strong>berufsrechtliche Regelungen:<\/strong><\/p>\n\n\n\n<p>BRAO &#8211; Bundesrechtsanwaltsordnung einsehbar unter: https:\/\/www.gesetze-im-internet.de\/brao\/index.html<\/p>\n\n\n\n<p>BORA &#8211; Berufsordnung der Rechtsanw\u00e4lte einsehbar unter: https:\/\/dejure.org\/gesetze\/BORA<\/p>\n\n\n\n<p>FAO &#8211; Fachanwaltsordnung einsehbar unter: https:\/\/lxgesetze.de\/fao\/<\/p>\n\n\n\n<p>EuRAG &#8211; Gesetz \u00fcber die T\u00e4tigkeit europ\u00e4ischer Rechtsanw\u00e4lte in Deutschland einsehbar unter: https:\/\/www.gesetze-im-internet.de\/eurag\/index.html<\/p>\n\n\n\n<p>CCBE &#8211; Berufsregeln der Rechtsanw\u00e4lte der Europ\u00e4ischen Gemeinschaft einsehbar unter: https:\/\/www.brak.de\/fileadmin\/02_fuer_anwaelte\/Berufsregeln_Mai%202006_090615.pdf<\/p>\n\n\n\n<p><strong>Angaben zur Berufshaftpflichtversicherung<\/strong><\/p>\n\n\n\n<p>Rechtsanwalt Karsten Niehues unterh\u00e4lt die erforderliche Berufshaftpflichtversicherung bei der<\/p>\n\n\n\n<p>Name und Sitz des Versicherers:<\/p>\n\n\n\n<p>Allianz-Versicherung-AG<\/p>\n\n\n\n<div class=\"wp-block-group is-vertical is-layout-flex wp-container-core-group-is-layout-8cf370e7 wp-block-group-is-layout-flex\">\n<p>10900 Berlin<\/p>\n\n\n\n<p>Telefon: +49 89 92529 63240<\/p>\n\n\n\n<p>E-Mail: sachversicherung@allianz.de<\/p>\n<\/div>\n\n\n\n<p>Geltungsraum der Versicherung:<\/p>\n\n\n\n<p>Der r\u00e4umliche Geltungsbereich des Versicherungsschutzes umfasst T\u00e4tigkeiten in den Mitgliedsl\u00e4ndern der Europ\u00e4ischen Union und gen\u00fcgt mindestens den Anforderungen des \u00a7\u200551 BRAO.<\/p>\n\n\n\n<p><strong>Online-Streitbeilegung und Verbraucherstreitbeilegung<\/strong><\/p>\n\n\n\n<p>Die Europ\u00e4ische Kommission stellt eine Plattform zur Online-Streitbeilegung bereit, die unter http:\/\/ec.europa.eu\/consumers\/odr abrufbar ist.<\/p>\n\n\n\n<p>Zust\u00e4ndige Verbraucherschlichtungsstelle in Deutschland f\u00fcr verm\u00f6gensrechtliche Streitigkeiten aus einem Mandatsverh\u00e4ltnis ist die Schlichtungsstelle der Rechtsanwaltschaft, Neue Gr\u00fcnstra\u00dfe 17, 10179 Berlin, www.schlichtungsstelle-der-rechtsanwaltschaft.de.<\/p>\n\n\n\n<p>Wie jede andere Rechtsanwaltskanzlei ist auch meine nicht verpflichtet, an einem Streitbeilegungsverfahren vor einer Verbraucherschlichtungsstelle teilzunehmen.<\/p>\n\n\n\n<p><strong>Redaktionell Verantwortlicher<\/strong><\/p>\n\n\n\n<p>Verantwortlich f\u00fcr die redaktionellen Inhalte der Website ist Rechtsanwalt Karsten Niehues, Marktstr. 26 in 44532 L\u00fcnen, Tel: +49 \u2013 2306-927288, raniehues@t-online.de<\/p>\n\n\n\n<p><strong>Haftung f\u00fcr Inhalte<\/strong><\/p>\n\n\n\n<p>Die Inhalte auf der Website niehuesonline.de.de stellen keine Rechtsberatung dar. Jegliche Haftung im Zusammenhang mit der Nutzung von Inhalten der Website niehuesonline.de oder das Vertrauen auf deren Richtigkeit ist ausgeschlossen.<\/p>\n\n\n\n<p><strong>Anwendbares Recht<\/strong><\/p>\n\n\n\n<p>Die rechtlichen Hinweise auf dieser Seite sowie alle Fragen und Streitigkeiten im Zusammenhang mit dieser Website unterliegen dem Recht der Bundesrepublik Deutschland.<\/p>\n\n\n\n<p><strong>Urheberrecht f\u00fcr verwendete Grafiken<\/strong><\/p>\n\n\n\n<p>Das Urheberrecht der verwendeten Grafiken liegt beim jeweiligen Urheber.<\/p>\n\n\n\n<p>Im Einzelnen:<\/p>\n\n\n\n<p><strong>Konzeption \/ Gestaltung \/ Realisierung<\/strong><\/p>\n","protected":false},"excerpt":{"rendered":"<p>Anbieter Anbieter der Website niehues-online.de.de ist Karsten Niehues Rechtsanwaltskanzlei Niehues Karsten Niehues Marktstr. [&hellip;]<\/p>\n","protected":false},"author":1,"featured_media":0,"parent":0,"menu_order":4,"comment_status":"closed","ping_status":"closed","template":"","meta":{"footnotes":""},"class_list":["post-3","page","type-page","status-publish","hentry"],"_links":{"self":[{"href":"http:\/\/niehuesonline.de\/index.php\/wp-json\/wp\/v2\/pages\/3","targetHints":{"allow":["GET"]}}],"collection":[{"href":"http:\/\/niehuesonline.de\/index.php\/wp-json\/wp\/v2\/pages"}],"about":[{"href":"http:\/\/niehuesonline.de\/index.php\/wp-json\/wp\/v2\/types\/page"}],"author":[{"embeddable":true,"href":"http:\/\/niehuesonline.de\/index.php\/wp-json\/wp\/v2\/users\/1"}],"replies":[{"embeddable":true,"href":"http:\/\/niehuesonline.de\/index.php\/wp-json\/wp\/v2\/comments?post=3"}],"version-history":[{"count":3,"href":"http:\/\/niehuesonline.de\/index.php\/wp-json\/wp\/v2\/pages\/3\/revisions"}],"predecessor-version":[{"id":123,"href":"http:\/\/niehuesonline.de\/index.php\/wp-json\/wp\/v2\/pages\/3\/revisions\/123"}],"wp:attachment":[{"href":"http:\/\/niehuesonline.de\/index.php\/wp-json\/wp\/v2\/media?parent=3"}],"curies":[{"name":"wp","href":"https:\/\/api.w.org\/{rel}","templated":true}]}}